by 16.
9
What is the remainder when 211 is divided by 43?
39
Calculate the remainder when 190 is divided by 24.
22
Calculate the remainder when 127 is divided by 61.
5
What is the remainder when 2658 is divided by 45?
3
Calculate the remainder when 442 is divided by 123.
73
Calculate the remainder when 615 is divided by 175.
90
What is the remainder when 1181 is divided by 148?
145
What is the remainder when 163 is divided by 44?
31
Calculate the remainder when 1474 is divided by 41.
39
Calculate the remainder when 1793 is divided by 37.
17
What is the remainder when 847 is divided by 25?
22
Calculate the remainder when 4977 is divided by 1655.
12
What is the remainder when 67 is divided by 3?
1
Calculate the remainder when 484 is divided by 55.
44
Calculate the remainder when 9257 is divided by 47.
45
Calculate the remainder when 281 is divided by 179.
102
What is the remainder when 4988 is divided by 172?
0
Calculate the remainder when 158 is divided by 23.
20
What is the remainder when 68 is divided by 25?
18
What is the remainder when 73 is divided by 29?
15
What is the remainder when 18910 is divided by 197?
195
Calculate the remainder when 1371 is divided by 26.
19
What is the remainder when 398 is divided by 101?
95
Calculate the remainder when 333 is divided by 68.
61
Calculate the remainder when 1532 is divided by 26.
24
Calculate the remainder when 174 is divided by 98.
76
Calculate the remainder when 358 is divided by 319.
39
Calculate the remainder when 50 is divided by 8.
2
Calculate the remainder when 3337 is divided by 186.
175
Calculate the remainder when 318 is divided by 108.
102
Calculate the remainder when 234 is divided by 59.
57
What is the remainder when 122 is divided by 63?
59
Calculate the remainder when 50 is divided by 9.
5
Calculate the remainder when 37 is divided by 19.
18
What is the remainder when 150 is divided by 41?
27
What is the remainder when 2768 is divided by 12?
8
Calculate the remainder when 1320 is divided by 167.
151
Calculate the remainder when 315 is divided by 41.
28
What is the remainder when 5579 is divided by 20?
19
What is the remainder when 5848 is divided by 30?
28
What is the remainder when 342 is divided by 51?
36
What is the remainder when 533 is divided by 160?
53
Calculate the remainder when 63 is divided by 41.
22
Calculate the remainder when 597 is divided by 52.
25
What is the remainder when 266 is divided by 29?
5
Calculate the remainder when 30 is divided by 23.
7
Calculate the remainder when 647 is divided by 30.
17
Calculate the remainder when 182 is divided by 70.
42
Calculate the remainder when 927 is divided by 93.
90
What is the remainder when 155 is divided by 33?
23
What is the remainder when 192 is divided by 6?
0
Calculate the remainder when 190 is divided by 54.
28
What is the remainder when 168 is divided by 11?
3
Calculate the remainder when 2248 is divided by 742.
22
What is the remainder when 21 is divided by 6?
3
Calculate the remainder when 48 is divided by 40.
8
What is the remainder when 760 is divided by 153?
148
Calculate the remainder when 5200 is divided by 43.
40
What is the remainder when 2726 is divided by 44?
42
Calculate the remainder when 3836 is divided by 11.
8
Calculate the remainder when 241 is divided by 83.
75
Calculate the remainder when 4995 is divided by 125.
120
What is the remainder when 13 is divided by 3?
1
What is the remainder when 222 is divided by 99?
24
Calculate the remainder when 275 is divided by 35.
30
What is the remainder when 83 is divided by 13?
5
Calculate the remainder when 12129 is divided by 4041.
6
What is the remainder when 5218 is divided by 30?
28
Calculate the remainder when 195 is divided by 14.
13
What is the remainder when 1260 is divided by 48?
12
What is the remainder when 423 is divided by 58?
17
Calculate the remainder when 2847 is divided by 37.
35
What is the remainder when 1441 is divided by 178?
17
Calculate the remainder when 455 is divided by 171.
113
What is the remainder when 14372 is divided by 23?
20
What is the remainder when 7219 is divided by 226?
213
Calculate the remainder when 1732 is divided by 28.
24
Calculate the remainder when 596 is divided by 21.
8
What is the remainder when 485 is divided by 63?
44
Calculate the remainder when 5616 is divided by 125.
116
What is the remainder when 1165 is divided by 90?
85
Calculate the remainder when 2642 is divided by 265.
257
What is the remainder when 198 is divided by 81?
36
Calculate the remainder when 192 is divided by 62.
6
What is the remainder when 27 is divided by 2?
1
What is the remainder when 464 is divided by 5?
4
Calculate the remainder when 211 is divided by 24.
19
Calculate the remainder when 9719 is divided by 162.
161
What is the remainder when 32 is divided by 7?
4
What is the remainder when 844 is divided by 16?
12
What is the remainder when 275 is divided by 70?
65
What is the remainder when 123 is divided by 46?
31
What is the remainder when 10025 is divided by 37?
35
What is the remainder when 475 is divided by 16?
11
What is the remainder when 163 is divided by 11?
9
What is the remainder when 87 is divided by 37?
13
What is the remainder when 872 is divided by 46?
44
Calculate the remainder when 1155 is divided by 92.
51
What is the remainder when 1803 is divided by 82?
81
Calculate the remainder when 1035 is divided by 34.
15
What is the remainder when 433 is divided by 55?
48
Calculate the remainder when 3344 is divided by 54.
50
What is the remainder when 416 is divided by 66?
20
What is the remainder when 397 is divided by 40?
37
Calculate the remainder when 104 is divided by 12.
8
What is the remainder when 213 is divided by 75?
63
Calculate the remainder when 676 is divided by 177.
145
Calculate the remainder when 303 is divided by 42.
9
What is the remainder when 3669 is divided by 24?
21
Calculate the remainder when 4362 is divided by 151.
134
Calculate the remainder when 639 is divided by 32.
31
Calculate the remainder when 124 is divided by 34.
22
What is the remainder when 130 is divided by 68?
62
What is the remainder when 4672 is divided by 104?
96
Calculate the remainder when 83 is divided by 4.
3
Calculate the remainder when 1617 is divided by 45.
42
Calculate the remainder when 65 is divided by 14.
9
What is the remainder when 380 is divided by 132?
116
Calculate the remainder when 140 is divided by 15.
5
Calculate the remainder when 812 is divided by 16.
12
What is the remainder when 196 is divided by 22?
20
Calculate the remainder when 210 is divided by 38.
20
What is the remainder when 2285 is divided by 1133?
19
Calculate the remainder when 180 is divided by 61.
58
What is the remainder when 108 is divided by 55?
53
What is the remainder when 2554 is divided by 12?
10
What is the remainder when 2015 is divided by 535?
410
Calculate the remainder when 302 is divided by 29.
12
Calculate the remainder when 161 is divided by 52.
5
Calculate the remainder when 2254 is divided by 16.
14
What is the remainder when 309 is divided by 100?
9
What is the remainder when 749 is divided by 76?
65
What is the remainder when 119 is divided by 9?
2
What is the remainder when 577 is divided by 176?
49
What is the remainder when 94 is divided by 49?
45
Calculate the remainder when 192 is divided by 28.
24
What is the remainder when 212 is divided by 24?
20
Calculate the remainder when 335 is divided by 39.
23
Calculate the remainder when 2942 is divided by 16.
14
What is the remainder when 300 is divided by 23?
1
Calculate the remainder when 936 is divided by 20.
16
Calculate the remainder when 165 is divided by 12.
9
What is the remainder when 280 is divided by 78?
46
What is the remainder when 123 is divided by 31?
30
What is the remainder when 1356 is divided by 159?
84
What is the remainder when 326 is divided by 110?
106
What is the remainder when 174 is divided by 23?
13
Calculate the remainder when 6542 is divided by 187.
184
What is the remainder when 1591 is divided by 8?
7
Calculate the remainder when 1151 is divided by 82.
3
Calculate the remainder when 2875 is divided by 1436.
3
Calculate the remainder when 39 is divided by 4.
3
What is the remainder when 726 is divided by 91?
89
What is the remainder when 71 i